{"id":179,"date":"2022-12-30T20:54:07","date_gmt":"2022-12-30T21:54:07","guid":{"rendered":"https:\/\/ivarssonsafety.se\/?page_id=179"},"modified":"2025-03-14T09:47:28","modified_gmt":"2025-03-14T10:47:28","slug":"blogg","status":"publish","type":"page","link":"https:\/\/ivarssonsafety.se\/index.php\/blogg\/","title":{"rendered":"Nyhetsblogg"},"content":{"rendered":"\n<p class=\"has-midnight-gradient-background has-background\">Den 3 mars 2025 skrev jag om patients\u00e4kerhet p\u00e5 Dagens Medicins digitala debattsida. I texten kritiserar jag Socialstyrelsens nationella handlingsplan f\u00f6r \u00f6kad patients\u00e4kerhet och jag uppmanar staten att ta sitt ansvar f\u00f6r s\u00e4kerheten i v\u00e5rden p\u00e5 liknande s\u00e4tt som staten tar ansvar f\u00f6r t ex j\u00e4rnv\u00e4gss\u00e4kerhet, framf\u00f6rallt via skarpa s\u00e4kerhetskrav i lagen.<br><br>Jag tror att de som arbetat med handlingsplanen gjort ett bra arbete utifr\u00e5n de f\u00f6ruts\u00e4ttningar som g\u00e4llt, det \u00e4r f\u00f6ruts\u00e4ttningarna som \u00e4r fel anser jag. Dels \u00e4r det mer en kvalitetsplan \u00e4n en s\u00e4kerhetsplan, dels l\u00e4ggs huvudansvaret lokalt. Men grundproblemet ligger egentligen i den bristande patients\u00e4kerhetslagstiftningen. Varf\u00f6r st\u00e4lls det inte s\u00e4kerhetskrav p\u00e5 v\u00e5rden s\u00e5 som det st\u00e4lls s\u00e4kerhetskrav p\u00e5 andra h\u00f6griskverksamheter, i tekniska h\u00f6griskbranscher? Varf\u00f6r har patients\u00e4kerhet mer kommit att handla om kvalitet \u00e4n om s\u00e4kerhet?<br><br>Och varf\u00f6r \u00e4r det inte IVO som ansvarar f\u00f6r en s\u00e5dan handlingsplan? Vore det inte b\u00e4ttre om den myndighet som ut\u00f6var tillsyn ocks\u00e5 \u00e4r den som ger st\u00f6d och riktlinjer f\u00f6r s\u00e4kerhetsarbetet?     <a href=\"https:\/\/www.dagensmedicin.se\/opinion\/debatt\/staten-behover-ta-sitt-ansvar-for-patientsakerheten\/\">https:\/\/www.dagensmedicin.se\/opinion\/debatt\/staten-behover-ta-sitt-ansvar-for-patientsakerheten\/<\/a><\/p>\n\n\n\n<p><\/p>\n","protected":false},"excerpt":{"rendered":"<p>Den 3 mars 2025 skrev jag om patients\u00e4kerhet p\u00e5 Dagens Medicins digitala debattsida. I texten kritiserar jag Socialstyrelsens nationella handlingsplan f\u00f6r \u00f6kad patients\u00e4kerhet och jag uppmanar staten att ta sitt ansvar f\u00f6r s\u00e4kerheten <span class=\"excerpt-dots\">&hellip;<\/span> <a class=\"more-link\" href=\"https:\/\/ivarssonsafety.se\/index.php\/blogg\/\"><span class=\"more-msg\">L\u00e4s mer &rarr;<\/span><\/a><\/p>\n","protected":false},"author":1,"featured_media":0,"parent":0,"menu_order":35,"comment_status":"closed","ping_status":"closed","template":"paget-posts.php","meta":{"footnotes":""},"class_list":["post-179","page","type-page","status-publish","hentry"],"_links":{"self":[{"href":"https:\/\/ivarssonsafety.se\/index.php\/wp-json\/wp\/v2\/pages\/179","targetHints":{"allow":["GET"]}}],"collection":[{"href":"https:\/\/ivarssonsafety.se\/index.php\/wp-json\/wp\/v2\/pages"}],"about":[{"href":"https:\/\/ivarssonsafety.se\/index.php\/wp-json\/wp\/v2\/types\/page"}],"author":[{"embeddable":true,"href":"https:\/\/ivarssonsafety.se\/index.php\/wp-json\/wp\/v2\/users\/1"}],"replies":[{"embeddable":true,"href":"https:\/\/ivarssonsafety.se\/index.php\/wp-json\/wp\/v2\/comments?post=179"}],"version-history":[{"count":22,"href":"https:\/\/ivarssonsafety.se\/index.php\/wp-json\/wp\/v2\/pages\/179\/revisions"}],"predecessor-version":[{"id":1616,"href":"https:\/\/ivarssonsafety.se\/index.php\/wp-json\/wp\/v2\/pages\/179\/revisions\/1616"}],"wp:attachment":[{"href":"https:\/\/ivarssonsafety.se\/index.php\/wp-json\/wp\/v2\/media?parent=179"}],"curies":[{"name":"wp","href":"https:\/\/api.w.org\/{rel}","templated":true}]}}