{"id":3,"date":"2022-12-27T16:35:04","date_gmt":"2022-12-27T17:35:04","guid":{"rendered":"https:\/\/patientsafety.se\/ivarssonsafety.se\/?page_id=3"},"modified":"2024-11-09T20:16:18","modified_gmt":"2024-11-09T21:16:18","slug":"privacypolicy","status":"publish","type":"page","link":"https:\/\/ivarssonsafety.se\/index.php\/privacypolicy\/","title":{"rendered":"Privacy Policy"},"content":{"rendered":"\n<div class=\"wp-block-columns has-midnight-gradient-background has-background is-layout-flex wp-container-core-columns-is-layout-9d6595d7 wp-block-columns-is-layout-flex\">\n<div class=\"wp-block-column is-layout-flow wp-block-column-is-layout-flow\" style=\"flex-basis:90%\">\n<h3 class=\"wp-block-heading has-midnight-gradient-background has-background\"><strong>About this website<\/strong><\/h3>\n\n\n\n<p class=\"has-midnight-gradient-background has-background\">Den h\u00e4r hemsidan h\u00f6r till den enskilda firman Ivarsson Safety Management &amp; Education och webbplatsadressen \u00e4r: https:\/\/ivarssonsafety.se. Firman tillh\u00f6r Kerstin Ivarsson. Mejl och andra dokument inneh\u00e5llande personuppgifter som skickas till f\u00f6retaget sparas enbart om de beh\u00f6vs f\u00f6r bokf\u00f6ringen, eller s\u00e5 l\u00e4nge som de \u00e4r relevanta f\u00f6r p\u00e5g\u00e5ende kontakt och samarbete. <\/p>\n\n\n\n<p class=\"has-midnight-gradient-background has-background\">This website belongs to Kerstin Ivarsson and her sole trader company Ivarsson Safety Management &amp; Education. The web address is ivarssonsafety.se. The website is under construction.<\/p>\n\n\n\n<h3 class=\"wp-block-heading has-midnight-gradient-background has-background\"><strong>About cookies and more<\/strong><\/h3>\n\n\n\n<p class=\"has-midnight-gradient-background has-background\"><strong>Personal data: <\/strong>This website does not collect any personal data. It is not possible for others than admin to log in, write and leave comments, subscribe etc. For interaction, comments and contact, I refer to social media and e-mail.<\/p>\n\n\n\n<p class=\"has-midnight-gradient-background has-background\"><strong>Statistics:<\/strong> Cookies for statistics are collected by the web host, including IP addresses, but no personal data. The web host has servers in Sweden.<\/p>\n\n\n\n<p class=\"has-midnight-gradient-background has-background\"><strong>Necessary cookies<\/strong>: If you want to see information about cookies that are used by this website, click on the padlock right before the website address in the browser you are using.<\/p>\n\n\n\n<p class=\"has-midnight-gradient-background has-background\">If you want to know what information this website is collecting from you, please mail me at: kerstin snabel-a ivarssonsafety punkt se<\/p>\n\n\n\n<p class=\"has-midnight-gradient-background has-background\">The WordPress theme that I am using, includes self-hosting of Google fonts.<\/p>\n\n\n\n<h3 class=\"wp-block-heading has-midnight-gradient-background has-background\"><strong>Embedded content from other websites <\/strong><\/h3>\n\n\n\n<p class=\"has-midnight-gradient-background has-background\">Articles on this website may contain embedded content (for example, videos, images, articles, etc.). Embedded content from other websites behaves exactly the same as if the visitor has visited the other website. These websites may collect information about you, use cookies, embed additional third-party tracking and monitor your interaction with said embedded content, including tracking your interaction with this embedded content if you have an account and are logged in to the website in question.<\/p>\n<\/div>\n<\/div>\n\n\n\n<p><\/p>\n","protected":false},"excerpt":{"rendered":"<p>About this website Den h\u00e4r hemsidan h\u00f6r till den enskilda firman Ivarsson Safety Management &amp; Education och webbplatsadressen \u00e4r: https:\/\/ivarssonsafety.se. Firman tillh\u00f6r Kerstin Ivarsson. Mejl och andra dokument inneh\u00e5llande personuppgifter som skickas till <span class=\"excerpt-dots\">&hellip;<\/span> <a class=\"more-link\" href=\"https:\/\/ivarssonsafety.se\/index.php\/privacypolicy\/\"><span class=\"more-msg\">L\u00e4s mer &rarr;<\/span><\/a><\/p>\n","protected":false},"author":1,"featured_media":0,"parent":0,"menu_order":90,"comment_status":"closed","ping_status":"closed","template":"","meta":{"footnotes":""},"class_list":["post-3","page","type-page","status-publish","hentry"],"_links":{"self":[{"href":"https:\/\/ivarssonsafety.se\/index.php\/wp-json\/wp\/v2\/pages\/3","targetHints":{"allow":["GET"]}}],"collection":[{"href":"https:\/\/ivarssonsafety.se\/index.php\/wp-json\/wp\/v2\/pages"}],"about":[{"href":"https:\/\/ivarssonsafety.se\/index.php\/wp-json\/wp\/v2\/types\/page"}],"author":[{"embeddable":true,"href":"https:\/\/ivarssonsafety.se\/index.php\/wp-json\/wp\/v2\/users\/1"}],"replies":[{"embeddable":true,"href":"https:\/\/ivarssonsafety.se\/index.php\/wp-json\/wp\/v2\/comments?post=3"}],"version-history":[{"count":29,"href":"https:\/\/ivarssonsafety.se\/index.php\/wp-json\/wp\/v2\/pages\/3\/revisions"}],"predecessor-version":[{"id":1493,"href":"https:\/\/ivarssonsafety.se\/index.php\/wp-json\/wp\/v2\/pages\/3\/revisions\/1493"}],"wp:attachment":[{"href":"https:\/\/ivarssonsafety.se\/index.php\/wp-json\/wp\/v2\/media?parent=3"}],"curies":[{"name":"wp","href":"https:\/\/api.w.org\/{rel}","templated":true}]}}