{"id":76,"date":"2022-12-30T15:01:43","date_gmt":"2022-12-30T16:01:43","guid":{"rendered":"https:\/\/patientsafety.se\/ivarssonsafety.se\/?page_id=76"},"modified":"2024-11-09T20:20:02","modified_gmt":"2024-11-09T21:20:02","slug":"tjanster","status":"publish","type":"page","link":"https:\/\/ivarssonsafety.se\/index.php\/tjanster\/","title":{"rendered":"Tj\u00e4nster"},"content":{"rendered":"\n<div class=\"wp-block-columns is-layout-flex wp-container-core-columns-is-layout-9d6595d7 wp-block-columns-is-layout-flex\">\n<div class=\"wp-block-column is-layout-flow wp-block-column-is-layout-flow\" style=\"flex-basis:70%\">\n<h3 class=\"wp-block-heading has-midnight-gradient-background has-background\"><strong>Erbjudande<\/strong><\/h3>\n\n\n\n<p class=\"has-midnight-gradient-background has-background\">Jag erbjuder konsulttj\u00e4nster inom systems\u00e4kerhet med fokus p\u00e5 s\u00e4kerhetsstyrning och utbildning, framf\u00f6rallt f\u00f6r j\u00e4rnv\u00e4g och sp\u00e5rv\u00e4g, samt sjukv\u00e5rden. Dessutom erbjuder jag tj\u00e4nster inom verksamhetsutveckling samt skribentuppdrag, b\u00e5de inom s\u00e4kerhet och generellt.<\/p>\n\n\n\n<p class=\"has-midnight-gradient-background has-background\">\u00c4r huvudsakligen intresserad av kortare uppdrag eller deltidsuppdrag. F\u00f6r mer information om vad jag gjort tidigare, se min LinkedIn-profil: <a href=\"https:\/\/www.linkedin.com\/in\/kerstinivarsson\/\">https:\/\/www.linkedin.com\/in\/kerstinivarsson\/<\/a><\/p>\n<\/div>\n<\/div>\n","protected":false},"excerpt":{"rendered":"<p>Erbjudande Jag erbjuder konsulttj\u00e4nster inom systems\u00e4kerhet med fokus p\u00e5 s\u00e4kerhetsstyrning och utbildning, framf\u00f6rallt f\u00f6r j\u00e4rnv\u00e4g och sp\u00e5rv\u00e4g, samt sjukv\u00e5rden. Dessutom erbjuder jag tj\u00e4nster inom verksamhetsutveckling samt skribentuppdrag, b\u00e5de inom s\u00e4kerhet och generellt. \u00c4r <span class=\"excerpt-dots\">&hellip;<\/span> <a class=\"more-link\" href=\"https:\/\/ivarssonsafety.se\/index.php\/tjanster\/\"><span class=\"more-msg\">L\u00e4s mer &rarr;<\/span><\/a><\/p>\n","protected":false},"author":1,"featured_media":0,"parent":0,"menu_order":10,"comment_status":"closed","ping_status":"closed","template":"","meta":{"footnotes":""},"class_list":["post-76","page","type-page","status-publish","hentry"],"_links":{"self":[{"href":"https:\/\/ivarssonsafety.se\/index.php\/wp-json\/wp\/v2\/pages\/76","targetHints":{"allow":["GET"]}}],"collection":[{"href":"https:\/\/ivarssonsafety.se\/index.php\/wp-json\/wp\/v2\/pages"}],"about":[{"href":"https:\/\/ivarssonsafety.se\/index.php\/wp-json\/wp\/v2\/types\/page"}],"author":[{"embeddable":true,"href":"https:\/\/ivarssonsafety.se\/index.php\/wp-json\/wp\/v2\/users\/1"}],"replies":[{"embeddable":true,"href":"https:\/\/ivarssonsafety.se\/index.php\/wp-json\/wp\/v2\/comments?post=76"}],"version-history":[{"count":54,"href":"https:\/\/ivarssonsafety.se\/index.php\/wp-json\/wp\/v2\/pages\/76\/revisions"}],"predecessor-version":[{"id":1497,"href":"https:\/\/ivarssonsafety.se\/index.php\/wp-json\/wp\/v2\/pages\/76\/revisions\/1497"}],"wp:attachment":[{"href":"https:\/\/ivarssonsafety.se\/index.php\/wp-json\/wp\/v2\/media?parent=76"}],"curies":[{"name":"wp","href":"https:\/\/api.w.org\/{rel}","templated":true}]}}